site?
True
Let b = 0 - -1. Suppose -10 + b = 3*q, c - 17 = 5*q. Suppose -c*r = -r - 115. Is r prime?
False
Let h = -3 + -8. Let m(l) be the third derivative of l**6/120 + 11*l**5/60 - l**4/2 + 5*l**3/3 - l**2. Is m(h) prime?
False
Let m(h) = h**2 + 3*h. Let d be m(-5). Let v be (16/d)/((-4)/(-10)). Suppose 4*g - 41 = -v*r + 3*r, -4*g - 12 = 0. Is r prime?
True
Let k = 2116 - 797. Is k a prime number?
True
Let q(j) = -43*j**2 + 4*j. Let n be q(-3). Let r = -238 - n. Is r a composite number?
True
Suppose -4*d - 102 = -6*d. Is d a prime number?
False
Suppose -4*s - 29 = 5*k, 5*s = k - 97 + 39. Let o = 37 + s. Is o composite?
True
Let y = 26 + -5. Is 687/21 - (-6)/y prime?
False
Let a(o) = -149*o + 4. Is a(-3) composite?
True
Is ((-1 - -62) + 1)*(-171)/(-18) a prime number?
False
Let y(t) = 398*t**3 - 2*t**2 - t. Let g be y(-1). Is 2*(g/(-2) + -1) prime?
True
Let h(x) = 17*x - 29. Is h(20) a prime number?
True
Is 8508 - (-3)/3 - 0/(-1) a composite number?
True
Let i(p) = 86*p**2 - 7*p - 5. Let t be i(-4). Let l = t + -836. Is l a composite number?
False
Suppose 3*f - 493 = -0*f - d, -d - 503 = -3*f. Is f composite?
True
Let c(v) = 365*v**2 + 5*v + 1. Is c(-3) composite?
False
Let r(w) = 38*w + 25. Is r(12) a composite number?
True
Let c be 145/(-11) + 2/11. Let h = -3 - c. Suppose 3*z + m = 81, -h = 3*z + 4*m - 100. Is z prime?
False
Let f(s) = -s - 4. Let q be f(-6). Let y = 61 - 28. Let u = y + q. Is u prime?
False
Suppose 5*w = 80 + 10. Is (-166)/(-3)*w/12 a prime number?
True
Let k(w) = 34*w**2 + 8*w - 3. Is k(-4) composite?
False
Let c(l) = -l**3 - 5*l**2 - 3*l + 2. Let w be c(-5). Suppose w = -4*j - 5*u, -4*j + 27 = -3*u + 4. Is (-4 + -85)/(j/(-2)) prime?
True
Let m(g) = 7*g**3 - 7*g**2 + 7*g - 5. Is m(4) a prime number?
True
Suppose -5388 = -4*u - k, u + 2*u = -2*k + 4046. Is u a prime number?
False
Let s(r) = -r**3 + 8*r**2 - 3*r + 5. Let i(a) = a**2 - 2*a - 2. Let o be i(4). Is s(o) a prime number?
True
Let x(k) = 0*k + 16*k**2 - 11*k**2 + k - 2. Is x(-4) a composite number?
True
Let a(i) = 14*i**2 - 10*i - 7. Is a(-7) composite?
True
Suppose -2*i = 9*i - 1397. Is i a composite number?
False
Is 923 - 4/(-3 + 5) a prime number?
False
Suppose 0 = -3*z - 9*g + 6*g + 3216, 5*z - 4*g = 5333. Is z prime?
True
Let y = -80 - 36. Let b = 193 + y. Is b composite?
True
Let g be ((-2)/(-4))/((-5)/(-90)). Let z(p) be the third derivative of -p**6/120 + 11*p**5/60 - 3*p**4/8 - 2*p**3/3 + p**2. Is z(g) a composite number?
True
Suppose -3*x = -t - 39, -4*t + 0*t = -5*x + 72. Let q(c) = c**3 - 13*c**2 + 13*c - 18. Let y be q(x). Is 18/4 - y/(-4) composite?
False
Let a(r) = 95*r**2 - r - 11. Is a(-5) a prime number?
False
Let x be -1 + (-23)/2*-10. Is (-1)/(3/x*-2) prime?
True
Let a(x) = -13*x + 3*x - 3 + 6. Let g(d) = d**2 - 4*d - 2. Let o be g(3). Is a(o) a composite number?
False
Let a = 2 - 6. Let v = 3 - a. Is v composite?
False
Let n = 9 - 7. Suppose 0 = -2*o - n*o - 868. Let s = -152 - o. Is s prime?
False
Let v(i) = -i**2 - 4*i + 3. Let g(m) = -m - 1. Let k(c) = -6*g(c) - v(c). Let q be -2 + -12 + 2 + 2. Is k(q) a composite number?
False
Suppose 4*u - 2023 = 685. Is u a prime number?
True
Let z = 8 + -5. Suppose -z*w = w. Suppose w = -2*i + 39 + 7. Is i composite?
False
Suppose 4*m = -5*p - 523 + 1347, 0 = -3*m + 5*p + 583. Suppose -6*i + 3*i + m = 0. Is i a composite number?
False
Let d = -4 + 3. Is (109/1)/(-1)*d composite?
False
Let o be (2 - -18) + 4 + -3. Let d = o + 10. Is d a prime number?
True
Let s = -8 - -510. Is s a composite number?
True
Let y = 2 - -1. Suppose -y*k + 0*k + 78 = 0. Is k prime?
False
Suppose -s + 0*s = 123. Let m = s + 217. Is m prime?
False
Suppose -w = 2*w - 6. Suppose -29 = -w*h - 5*b, -5*b + 2*b = 5*h - 44. Is ((-17)/3)/(h/(-147)) prime?
False
Suppose -5*v + 2039 = 3*w - 1926, -5*v = -5*w + 6635. Suppose 0*x + 5*x - w = -p, -5*p = -4*x - 6567. Is p a prime number?
False
Let b = -52 - -90. Is (7 - 8)/((-2)/b) composite?
False
Suppose -4*q - q = 5*d, 2*q = -3*d - 4. Suppose 0 = q*o - 2*b - 26, 3*o - 4 = -4*b + 21. Is o composite?
False
Suppose 3*v + 2*n + 1975 = 0, -v + 3*v = 5*n - 1342. Let a = v + 1393. Is (-6)/(-9) + a/9 prime?
False
Let c be (-2 - 7)/(-3)*1. Let t(g) = -g**3 + 5*g**2 - g + 9. Let z be t(5). Suppose 0 = c*k - 4*n - 0 - 247, -z*k + 5*n + 330 = 0. Is k a composite number?
True
Suppose 0*s - 5 = -s. Suppose s*p + 0*z - 294 = -2*z, z = -p + 60. Is p a prime number?
False
Is (33/9 - 3)/((-8)/(-17580)) a prime number?
False
Let s(q) = 87*q - 3. Let g(w) = -44*w + 1. Suppose 9 + 1 = 2*i. Let a(k) = i*g(k) + 2*s(k). Is a(-2) composite?
True
Suppose 0*u + 2*u = 0. Suppose -4*t + t + 6 = u. Is 133/t + (-2)/(-4) a composite number?
False
Let i be (-1 + (-1)/2)*-10. Suppose -w - i = -4*w. Let h = w + 128. Is h composite?
True
Suppose -y + 2*y - 5*f - 18 = 0, 0 = 5*y - 5*f - 30. Suppose 3 = y*w - 3. Suppose h - 8 - w = 0. Is h prime?
False
Is 2 - (-7)/((-21)/(-7299)) a composite number?
True
Let o be 4 - (-2 + -1)/(-3). Let v(d) = -d**2 + 5*d - 4. Let y be v(o). Suppose y*f = 15 + 11. Is f composite?
False
Suppose 16*b - 20*b + 668 = 0. Let p = b - 116. Is p a composite number?
True
Let v = -21 + 26. Let g = v + 29. Is g prime?
False
Let h = -330 + 491. Is h a prime number?
False
Suppose -4*w + 75 + 1961 = 0. Is w prime?
True
Suppose -l + 5*l - 9964 = 0. Is l prime?
False
Let r(b) = 36*b**2 - 2*b + 1. Suppose -6 = 5*g + 9. Is r(g) composite?
False
Suppose -1056 = -5*u - 281. Suppose -2*n + 37 = 3*k - 2*k, -5*k = -5*n - u. Is k composite?
True
Let k(w) = -20*w**3 - 12*w**2 + w - 8. Is k(-7) composite?
False
Let j(y) = -15*y**3 + 7*y**2 + 9*y + 12. Is j(-5) a prime number?
True
Let f(a) = 3*a**2 - a - 3. Let q(c) = c**3 + 9*c**2 + 9*c + 2. Let b be q(-8). Is f(b) composite?
True
Suppose 0 = -2*g + f + 139, -g + 4*f + 76 = -11. Is g a prime number?
True
Let k be 0/2*(-1)/(-2). Suppose 4*s = -o - 8, k = -s - 3*s - 4*o + 4. Is 3/(s/(-10)) + 1 a prime number?
True
Let b = -423 + 707. Suppose -4*t + 24 + b = 0. Is t composite?
True
Let c(p) = -p + 3. Let t be c(0). Suppose -n + t*n = -10. Let i(j) = j**3 + 6*j**2 - 6. Is i(n) a prime number?
True
Let m = -435 + 818. Is m composite?
False
Let x(d) = 28*d - 3. Let a(z) = 55*z - 6. Let k(m) = -3*a(m) + 7*x(m). Let o = -1 - -5. Is k(o) prime?
False
Suppose -2*h + 4 = -t, 2*t - 3*h + h + 4 = 0. Is (2 - t - 2) + 37 prime?
True
Let j(x) = -x**3 + 10*x**2 + 12*x + 3. Is j(11) a prime number?
False
Suppose 3*p + 4*h + 15 = 0, 0*p - 7 = 4*p + h. Let x be (p + -31)*1*2. Let a = -5 - x. Is a a composite number?
False
Let f be 3/4 - (-162)/72. Suppose -4*s = -f*s - 249. Is s composite?
True
Let d(k) be the third derivative of 9*k**4/2 + k**3/6 - 5*k**2. Is d(1) a prime number?
True
Let r(v) = 133*v + 2. Let x be r(1). Let z = -9 + -71. Let q = x + z. Is q composite?
True
Let t(n) = n**2 + 22*n - 29. Is t(18) prime?
True
Let o(r) = -r. Let l(j) = 2*j - 33. Let q(n) = -l(n) - 3*o(n). Is q(0) a prime number?
False
Suppose -3*m = 7 + 2. Let i be 1/m + (-16)/(-3). Suppose -5*s + x + 4*x + 60 = 0, i*s - x = 68. Is s prime?
False
Let n = 184 - 126. Is n a composite number?
True
Suppose 5*r - 45 = 4*m - 9*m, r = -3*m + 17. Suppose -r*a + 188 + 507 = 0. Is a a composite number?
False
Suppose -4*g = -0*g - 2*n + 8, 0 = -5*n + 20. Suppose 4*o - 308 - 128 = g. Suppose -32 - o = -3*z. Is z prime?
True
Let m(a) = 8*a**2 + a + 1. Let s be m(2). Suppose -s = -2*q + q. Is q a prime number?
False
Suppose 2*f + 15 = 3*r, r = -0*r - 4*f - 9. Let j be (0 + r)/3*127. Suppose -m + j = 4*t, 3*t - m - 82 = 8. Is t a composite number?
False
Let q = 163 - -74. Is q composite?
True
Suppose 0 = 5*v - 3*k - 2*k - 845, -161 = -v - 3*k. Suppose 0 = 3*l - 5*r - v + 60, 2*r - 43 = -l. Is l a composite number?
True
Suppose 0 = -4*h + 2076 - 8. Is h a prime number?
False
Suppose 2*m + 2*q = -33 - 183, -3*m - 5*q = 318. Let f = 194 + m. Is f composite?
False
Let p be 116/14 - 4/14. Suppose 0 = p*w - 4*w - 28. Is w prime?
True
Let n = 10 + -4. Let q = 8 - n. Suppose 0 = -3*a - q*a + 275. Is a a prime number?
False
Suppose -2*f + r - 90 + 303 = 0, -2*r - 102 = -f. Let x = f - 55. Is x a prime number?
True
Let y = -56 + 174. Is y prime?
False
Suppose 488 + 433 = 3*u. Is u a prime number?
True
Suppose 0 = -2*c - 2*p 